459. Is j a prime number?
False
Let k(u) = -258*u - 1. Is k(-4) prime?
True
Suppose 0 = z + 5*i - 85, z + i + 3*i = 86. Let d = -53 + z. Is d a prime number?
True
Suppose 5*c = -4*f - 53, 3*f + 1 = 3*c - 5. Is f*(-2 - (-3)/(-1)) a prime number?
False
Let l(t) = -2*t - 6. Let i be l(-5). Suppose -3*v = -v - 8, -x + i*v = -33. Is x composite?
True
Suppose 2*h + h = -k + 254, 0 = 4*k + 2*h - 1026. Is k a composite number?
False
Let n = 18 + -13. Suppose t + 3*t - 67 = k, 0 = -5*t - n*k + 90. Suppose -2*l + 137 + t = 0. Is l a composite number?
True
Let q be (3/(-9))/(1/(-9)). Suppose 0 = q*l - l - 4. Is l prime?
True
Let d(q) = -q**2 + q + 5*q**2 - q**3 + 5 + 2*q**2. Suppose 0 = -2*l - 0*l + 12. Is d(l) composite?
False
Let f(i) = 10*i + 5. Suppose 3*j - 8*j + 75 = 0. Suppose -m - j = -4*m. Is f(m) a prime number?
False
Let p(s) be the third derivative of 23*s**5/60 + s**4/6 - s**3/2 - 6*s**2. Is p(2) composite?
False
Suppose 3*t + 284 + 382 = 0. Let j(u) = 4*u. Let c be j(1). Is ((-2)/3)/(c/t) prime?
True
Suppose 2 = -2*z + 4*z, 5*z + 1 = 2*t. Suppose n = t*y + 2*n - 169, -4*n = 4*y - 236. Suppose -2*f + 3*h + y = 2*f, -f = h - 12. Is f a composite number?
False
Let r(h) = h**3 - 6*h**2 + 3*h. Let o be r(5). Is (254/(-5))/(4/o) a composite number?
False
Let q(h) = -h**2 + 4*h + 2. Let v be q(3). Suppose v*b + 4*f = 109, -f = -5*f + 4. Is b prime?
False
Suppose 0 = -4*a + 2*f + 1 + 5, 5 = f. Let t be (2/a)/((-5)/(-40)). Suppose -v - t*v = -285. Is v a prime number?
False
Let k(l) = 2*l**2 + 13*l + 1. Is k(24) prime?
False
Suppose 3*c - 255 = 2*c. Suppose -d = j - c - 112, -d - 2*j = -364. Suppose 4*h - d = -38. Is h composite?
False
Suppose -381 = -7*s + 4*s. Is s composite?
False
Let p = -17 + 27. Let y be 15/p*(-16)/(-6). Suppose 3*s + y*c - 193 = 0, -5*c + 23 = -5*s + 298. Is s composite?
False
Suppose -3*w = w - 4388. Is w composite?
False
Let c(a) = -a + 4. Suppose -5 + 8 = -h. Is c(h) prime?
True
Let f = 305 - -254. Let h = 280 + f. Is h a composite number?
False
Let h = 0 - 0. Is (-1)/(-2)*(h + 106) prime?
True
Suppose 0 = 3*s + 2*o + 7884, -o = -0*s + 3*s + 7887. Is (6/(-4))/(15/s) a prime number?
True
Suppose -17 = -4*j - 1. Suppose 0 = -2*t - j*v - v + 427, -3*t - 5*v + 648 = 0. Is t a prime number?
False
Let z = -245 - -456. Is z a composite number?
False
Suppose -103 = -3*i + 56. Is i prime?
True
Let f = 2 - 1. Let h(n) = -19*n + f - 3 - 6. Is h(-9) a composite number?
False
Let j = -2 + 4. Suppose -j*a + 21 = -a. Is a a prime number?
False
Let m = -20 - -22. Suppose g + 4*o = 3*g - 42, m*g + 5*o - 33 = 0. Is g a prime number?
True
Suppose 5*m - 102 - 383 = 0. Is m composite?
False
Suppose 2*r - 18 = -4*c, -2*r - 3*c + 21 = 2*r. Let m = r + -5. Is -1 + 1 + m + 81 a prime number?
True
Let u(a) = -a**3 - 8*a**2 - a - 6. Let w be u(-8). Suppose -3*i + 179 = -5*f, 0*i = 3*i + w*f - 151. Is i a prime number?
True
Is (-2922)/(-5)*(0 + (-10)/(-4)) a composite number?
True
Suppose -3*t - 2*r = 21, -2*r = 4*t + 8 + 18. Let a(z) = -z**3 - 6*z**2 - 7*z. Is a(t) prime?
False
Suppose -l - l = 2*j - 2, 3*l - 4 = -4*j. Is 371 + (-4 - (-4 + l)) composite?
True
Let o(w) = -4*w**3 - 8*w**2 - 10*w - 13. Is o(-6) a prime number?
False
Suppose -3*o + 518 = -103. Let j = o + -118. Is j composite?
False
Suppose 2*c - q + 7 - 1 = 0, -3*c + 13 = 4*q. Is 1*129 - (c - -3) prime?
True
Let q(b) = b**2. Let z be q(2). Suppose 0 = z*t - 2*t - 14. Is t a prime number?
True
Let x(b) = -b**2 + 8*b + 23. Let d be x(10). Suppose -i = -5*s - 233, 2*s + 20 = -d*s. Is i a composite number?
True
Suppose 4*z - 170 = -b, -2*z = -10*b + 5*b + 740. Suppose 0 = 3*m - b - 24. Is m a prime number?
False
Let y(g) = g**3 - 6*g**2 - 2*g + 2. Let p = 7 - -4. Suppose -2*l + u = -4*u + p, -3*u + 36 = 3*l. Is y(l) composite?
False
Let j(k) = -k**2 - k + 6. Let f be j(6). Let p = 13 - f. Is p a prime number?
False
Let o(m) = 635*m**3 + m - 1. Is o(1) a prime number?
False
Suppose 0 = -8*l + 9*l - 803. Is l a prime number?
False
Let b(m) = -15*m**3 - 5*m**2 + 4. Let s be b(-4). Suppose -3*q + 860 = -4*t, -4*t + 0*t = 3*q + s. Is t/(-6) - (-4)/6 prime?
True
Let l(z) = z**3 - z. Let x be l(1). Suppose -5*r + 255 = -x*q - 4*q, -q = 5*r - 280. Is r a prime number?
False
Let v(z) = 106*z**2 + 7*z + 3. Is v(-2) composite?
True
Let t(u) = 45*u**2 - 1. Let m be (-2)/(-4)*(7 + -9). Let j be t(m). Let p = 123 - j. Is p composite?
False
Let m = 40 - 33. Is m composite?
False
Let d(x) = 4*x**2 - 2*x + 13. Is d(6) a prime number?
False
Suppose 0 = 3*w + 11 - 185. Is w prime?
False
Let z = 75 + -10. Is z a composite number?
True
Suppose 3*d - 526 = 179. Is d a composite number?
True
Let s(o) = o**3 + 13*o**2 - 3*o - 19. Let f be s(-13). Is f/(-2)*(-472)/16 a prime number?
False
Let c(q) be the first derivative of -q**2/2 - 2*q - 1. Is c(-6) composite?
True
Suppose -523 - 1634 = -3*p. Is p prime?
True
Let v(j) = -72*j + 1. Let n be v(6). Let t = n + 684. Is t prime?
False
Let s = 612 - -67. Is s a composite number?
True
Suppose -3*a = 4*j - 129, 4*j = -j + 5*a + 135. Suppose 0 = w - 6 + 3. Let d = j + w. Is d a prime number?
False
Let b(a) = 46*a. Let r be b(5). Let x = -96 + r. Let f = x - 21. Is f composite?
False
Suppose l + 3*v + 6 = 0, -3*l + 3*v + 2 = 2*v. Let h(m) = -m**3 - 4*m**2 - 4*m - 1. Let i be h(-3). Let r = i - l. Is r a composite number?
False
Let j = 204 - 429. Is j/(-10) - (-1)/(-2) composite?
True
Suppose 15 = -2*v - 3*v. Let h(a) = -a**3 - 4*a**2 - 4*a - 3. Let c be h(v). Suppose c*t = 2*t - 4. Is t prime?
True
Let n = 452 - 59. Is n a composite number?
True
Suppose -2*h + 476 + 134 = 0. Suppose 5*f - 5*o - h = 0, -o + 163 + 130 = 5*f. Is f prime?
True
Let o(s) = -65*s + 6. Let f be o(5). Let b = f - -476. Is b a prime number?
True
Suppose -4*i - 18 = 2*v + i, -3*i - 16 = -4*v. Is (13 - v)*3/4 prime?
False
Let f(p) be the third derivative of -5/24*p**4 + 0 + 1/60*p**5 + 1/6*p**3 + 0*p - 2*p**2. Is f(8) a composite number?
True
Suppose 4*c + 3*s - 2233 = 0, -4*s + 1666 = 3*c - 0*s. Is c composite?
True
Suppose 7*j + 25 = 2*j. Let i(q) = q**2 - 8*q + 2. Let f(z) = z**2 - 15*z + 3. Let t(p) = -3*f(p) + 5*i(p). Is t(j) a prime number?
False
Let s = -1900 + 1072. Let u be (-1 - -2)*s/(-3). Let r = u - 187. Is r prime?
True
Suppose 3*r - 164 = -p, -5*p + 2*r + 787 = 52. Is p composite?
False
Let a = 62 + 49. Let f = -56 + a. Is f composite?
True
Suppose -4*f + 8*f - 168 = 0. Let n = f - 71. Let v = n + 55. Is v a composite number?
True
Suppose -2*g - 2 = -2*x, 2*x + 4*g = -2*x - 36. Let p(y) = y**3 + 4*y**2 + 2. Let k be p(x). Suppose k*v = -v + f + 120, -3*f - 87 = -2*v. Is v a prime number?
False
Let a(r) = -6*r**2 + 5*r - 3. Let i(x) = 11*x**2 - 10*x + 7. Let k(n) = 7*a(n) + 4*i(n). Is k(6) prime?
False
Is -2 - (-261)/7 - (-16)/(-56) a composite number?
True
Let f(l) = -l**3 + l**2 + 2. Let j be f(2). Let o = 3 + j. Suppose o = -2*y + 299. Is y a composite number?
False
Let o(m) = -106*m**3 - m**2 + 1. Let d be o(1). Let g = d + 397. Is g composite?
True
Is 3 - 80/(-5 + 1) composite?
False
Let b = 660 + -343. Is b a composite number?
False
Let l be (22/(-6))/(2/6). Suppose u = -3 + 1. Is 6/3*l/u prime?
True
Let o(m) = m**3 + 4*m**2 + 1. Let f(z) = -z. Let x be f(4). Let b be o(x). Let g = b + 10. Is g a prime number?
True
Let y(z) = -z**3 - 9*z**2 - 8*z - 2. Let m be y(-8). Let g(b) = 47*b + 1. Let o(w) = -w - 1. Let x(k) = -g(k) + 2*o(k). Is x(m) a prime number?
False
Is (-4)/6 + (-2056)/(-24) a composite number?
True
Suppose -l + 110 - 290 = -5*u, 4*u + 5*l = 173. Is u a prime number?
True
Let z = 2 + 1. Suppose -z*n + 51 = -2*n. Is n a prime number?
False
Let u(l) = -15 - l**2 + 6*l + 17 + 4*l**2. Is u(-9) composite?
False
Let a be (-3)/9 - (-295)/(-15). Is a/(-6)*(-15)/(-2) a composite number?
True
Let v(h) = h**3 - 7*h**2 - h - 27. Is v(11) a composite number?
True
Is 2 + (-435)/(-6) - 4/8 prime?
False
Suppose -145 = -n + 72. Is n composite?
True
Suppose -5*w + 58 = -217. Is w a prime number?
False
Let j = -47 - -213. Is j a prime number?
False
Let q = 17 + -11. Suppose 3*m - 3*l = 18, -m - m + 4*l = -18. Suppose 2*k + t + 28 = q*k, 5*t = -m*k + 21. Is k composite?
False
Let q(c) be the second derivative of 11*c**4/4 - c**3/6 + c**2/2 + 2*c. Let s be q(1). Let p = s - -20. Is p